2*p. What are the prime factors of g?
3, 19
Suppose 0 = 2*w - 5*y - 47, -w + 4*y = 2*y - 26. Suppose 2*m = 6*m - w. List the prime factors of m.
3
Suppose -r - r = 0. Let t be (r + -1)*14/(-2). Let h(o) = 2*o. List the prime factors of h(t).
2, 7
Let l(p) be the second derivative of p**5/20 + 5*p**4/6 + 3*p**3/2 + 5*p**2/2 + 2*p. Let s be l(-9). Suppose -16 = -x - s. What are the prime factors of x?
11
Suppose -5*q + 4*m + 0*m + 1180 = 0, -5*q - 3*m = -1145. Suppose -q = -5*t + 3. List the prime factors of t.
47
Let s = 1 + -1. List the prime factors of 2 + 35 - s/2.
37
Let x(b) = 4*b - 3. Let i = -1 + 10. What are the prime factors of x(i)?
3, 11
Let o(g) = 7*g**2 - g - 1. Let q be (-1)/(-2) - (-1)/2. Suppose 3*x + q + 2 = 0. List the prime factors of o(x).
7
List the prime factors of (-14)/(-35) - 203/(-5).
41
Let b be 3/1 - (-1 - 269). Let h = -173 + b. Suppose 2*v + 3*v = h. What are the prime factors of v?
2, 5
Let s = 33 - 30. List the prime factors of s.
3
Suppose -1 = 5*c - 21. Suppose c*x = x + 81. List the prime factors of x.
3
Let r be (10/6)/((-1)/(-3)). Suppose h = r*h - 8. What are the prime factors of h?
2
Suppose -n = -4*s + 20, -5*n + 3*s - 5 = 2*s. Suppose -2*t - 2*d + 30 = n, 34 + 21 = 4*t - d. List the prime factors of t.
2, 7
Let v = 28 + -41. Let f = v + 20. List the prime factors of f.
7
Suppose 127 = -0*p + 3*p + 2*d, -p = -d - 44. What are the prime factors of p?
43
Let r(l) = -l**3 - 11*l**2 + 16*l + 9. Let d be r(-12). Let t = d - -66. What are the prime factors of t?
3
Let t be -3 + (3 + -3 - -3). Suppose t = -2*d + d + 4. List the prime factors of d.
2
Let v(f) be the first derivative of f**3/3 + 7*f**2/2 + 8*f + 2. Let m be v(-6). Suppose 13 + 8 = -2*l + 5*z, 5*z - 29 = -m*l. List the prime factors of l.
2
Let y = 244 + -166. List the prime factors of y.
2, 3, 13
Suppose -2*i - 12 = -2*d, 2*i - 3*i = d. Suppose -d = a - 5. Suppose 0 = a*j - j - 15. What are the prime factors of j?
3, 5
Suppose -5*q + 10*q - 475 = 0. What are the prime factors of q?
5, 19
Let c(h) = -2*h**2 + 27*h + 20. List the prime factors of c(14).
2, 3
Suppose 4*t + 4*k = 0, 4*t + 5*k = 1 - 6. Suppose -4*p - 5*i = 18, t*i + 8 = -2. List the prime factors of (-5 - -3)/p*12.
2, 3
Let p be (14/8)/((-1)/4). Let s = -3 - p. Suppose 3*m + 7 = s*m. List the prime factors of m.
7
Suppose 74 = y + 26. What are the prime factors of y?
2, 3
Suppose 2*k + 3 = -k. Let o be (12/(-2 + k))/1. Let l(r) = r**3 + 3*r**2 - 6*r - 5. What are the prime factors of l(o)?
3
Let q(p) = -11 + 2*p + 2*p - 3*p - 2*p. Let v be q(-11). Suppose v = t + 4*t - 85. List the prime factors of t.
17
Let i(k) = k**3 + 13*k**2 - 16*k - 17. List the prime factors of i(-13).
191
Let y(f) be the second derivative of -f**4/12 + f**3 + f**2/2 + 2*f. Let v be y(6). List the prime factors of (11/2)/(v/2).
11
List the prime factors of 8/6 - ((-1300)/15 + -1).
89
List the prime factors of (8 + 0)*(-4)/(-16).
2
Let k = 17 + -14. Suppose d - 3 = 4*h, -5*d - 5*h + k + 12 = 0. List the prime factors of d.
3
Let n = 30 - 13. List the prime factors of n.
17
Suppose y - z = z - 1, 2*z + 8 = 4*y. Suppose -s = y*x - 78, -x - 3*s + 31 = -3. What are the prime factors of x?
5
Let g(j) = 3*j**2 - 4*j - 3. List the prime factors of g(4).
29
Let u be 3/6 - (-4)/(-8). Suppose -l - 5*h = -u*h + 17, 4*l + 5*h + 8 = 0. What are the prime factors of 2*l*(-6)/(-4)?
3
Suppose -2*n + 5*a - 26 = 0, -3*a - 6 = -2*n - 6*a. What are the prime factors of (-8)/n - 2/3?
2
Suppose 5*h - 2*h - 9 = 0. Suppose 5*u + 4*p = 4*u + h, 3*u - 4*p = -7. Let v(z) = 11*z**2 + 1. List the prime factors of v(u).
2, 3
Suppose 4*i - i - 111 = 0. Suppose 3*j - 5*c - i = 0, j - 27 - 2 = 5*c. Suppose -s - j = -2*s. List the prime factors of s.
2
Let a(o) = o**2 - o. Let w be a(1). Let b = 10 - w. What are the prime factors of b?
2, 5
Suppose 3*f - 4*u - 18 = -0*u, -3*f = -u - 9. What are the prime factors of f?
2
Let l(w) = -9*w - 3. What are the prime factors of l(-5)?
2, 3, 7
Suppose -3*j + 806 - 212 = 0. List the prime factors of j.
2, 3, 11
Let g(h) = 14*h - 1. Let p be g(2). Let y be 32/18 - (-6)/p. Suppose -3*i = -y*k + k - 9, 4*i = -3*k + 25. What are the prime factors of i?
2
Let w(y) = -y**2 + 5*y - 3. Let q be w(7). Let j = 46 + q. Let o = -17 + j. What are the prime factors of o?
2, 3
Suppose -51*m + 54*m - 348 = 0. List the prime factors of m.
2, 29
Suppose -5*r + 35 = -3*y, r - 5*y - 21 = 2*r. What are the prime factors of 149/7 + r/(-14)?
3, 7
Suppose -6*z + 245 = -z. Suppose -4 = g - 7. Suppose 3*x - x = g*y - 41, 4*y = -3*x + z. List the prime factors of y.
13
Let z(p) = p**2 - 3*p. Let m be z(4). Suppose m*r = 5*r - 6. List the prime factors of r.
2, 3
Let r = -4 - -6. Let j be ((-14)/10)/((-2)/10). Suppose -l + r = -j. List the prime factors of l.
3
Let o = 16 + -16. Suppose q = -4*n - n + 37, -5*n = -5*q - 55. Let c = o + n. List the prime factors of c.
2
Let c(j) = 2*j**2 - 6*j + 2. List the prime factors of c(-3).
2, 19
Let s(r) = -r**2 - r. Let y(j) = 8*j + 5. Let a(t) = -3*s(t) - y(t). Let z be a(5). Suppose 0 = -k - 2*k + z. List the prime factors of k.
3, 5
Let t be 60/8*(-8)/(-6). Let p(x) = x**3 - 10*x**2 + 2*x + 12. Let j be p(t). Suppose -3*l = -j - 4. List the prime factors of l.
2, 3
Let i = -8 - -14. List the prime factors of 30 + 7/(21/i).
2
Let q be (-27)/5 - (-8)/20. List the prime factors of (7 + 0)*(6 + q).
7
Suppose 20 = -2*j + 7*j. Let k(v) = v**2 + 2*v - 4. Let z be k(-4). Suppose 3*b + j = z*b. What are the prime factors of b?
2
Suppose 0 = -7*h + 5*h + 12. Suppose 2*p - 44 = -3*y + h*p, -5*p + 60 = 2*y. What are the prime factors of y?
2, 5
Let z(m) = -4*m**2 - 11*m. Let k(g) = -5*g**2 - 11*g + 1. Let b(x) = 5*k(x) - 6*z(x). What are the prime factors of b(11)?
5
Let u = 188 - -162. List the prime factors of u.
2, 5, 7
Let w = -52 + 22. Let t = w + 16. Let u = -4 - t. What are the prime factors of u?
2, 5
Let l(n) = n**3 - 9*n**2 + n - 5. Suppose -2*f - 2*r = 2*f - 2, 5*r = 4*f - 37. Suppose f*g - 2*g - 9 = 0. List the prime factors of l(g).
2
What are the prime factors of (-138 - 3)/((-2)/(8/2))?
2, 3, 47
Let k be 1/(-2) + 10/4. Suppose -k*p + 6 = -0*p. Suppose -p*q - 7 = -4*q. List the prime factors of q.
7
Let n = 150 - 70. What are the prime factors of n?
2, 5
Let d = 4 - 6. Let b be d/(-8) + (-1)/4. Suppose -2*m - c = b, -4*c - 4 - 18 = -3*m. What are the prime factors of m?
2
Suppose 4*b - 4*y = 144, -7*b + 5*y + 149 = -3*b. What are the prime factors of b?
31
Let x = -19 + 30. Suppose 3*n - x = 55. Suppose -2*l = 8, -4*i + 3*l + n = -34. List the prime factors of i.
11
List the prime factors of 6 + -3 + (3*-72)/(-2).
3, 37
Let t(p) = 5*p**2 + 13*p + 36. What are the prime factors of t(-6)?
2, 3, 23
What are the prime factors of ((-446)/(-4))/(4/8)?
223
Suppose 2*t - 1038 = 8*t. Let y = -117 - t. What are the prime factors of y?
2, 7
Suppose 51*i - 53*i = -392. What are the prime factors of i?
2, 7
Suppose 4*z - 2*c - 1016 = 0, 9*z = 8*z - 5*c + 265. What are the prime factors of z?
3, 5, 17
Let w(u) = -u**3 - 11*u**2 + u + 16. Let j be w(-11). Suppose j*c = -2*i + 173, c - 70 - 18 = -i. Suppose 4*f - i = -33. List the prime factors of f.
2, 7
List the prime factors of (-2 + 35/15)*177.
59
Suppose y = 2*y - 5. Let k = y - 2. Let d = 9 - k. What are the prime factors of d?
2, 3
Let d = -193 + 294. What are the prime factors of d?
101
List the prime factors of 2*-32*(3 - 5).
2
Let k = -10 - -2. Suppose -4*j - 5*u + 23 = -7*j, -2*j + 6 = 2*u. Let v = j - k. What are the prime factors of v?
7
Let g be (1/2)/((-2)/(-8)). Let o(w) = 0*w + 2*w**g - w**2 - 3*w. List the prime factors of o(4).
2
Let j(d) = d + 4. Let w be j(0). Suppose 4*t + w = -4*c, 5*t - 5*c - 12 = -37. List the prime factors of (t/(-2))/(21/70).
5
Let k = 20 + -7. Suppose -a + 2 = -v - k, v = -a + 13. List the prime factors of a.
2, 7
Let j(v) = 3*v**2 - 1. Let c be j(-1). Let b be 1*-2*(-27)/c. Let a = b + -18. List the prime factors of a.
3
Let w be (-208)/2*2/4. Let g be (-2541)/35 - 4/10 - 0. Let d = w - g. List the prime factors of d.
3, 7
Suppose -v - 27 = -3*v - 5*c, -v - 4*c + 6 = 0. Suppose -3*n + v = 5*w - 19, -n = 0. List the prime factors of w.
3
List the prime factors of (-9)/6*530/(-15).
53
Let u = -20 - -32. Le